{"id":58,"date":"2016-04-30T07:57:23","date_gmt":"2016-04-30T06:57:23","guid":{"rendered":"http:\/\/rs-ascenseurs.fr\/?page_id=58"},"modified":"2016-09-02T17:05:52","modified_gmt":"2016-09-02T16:05:52","slug":"charte-qualite","status":"publish","type":"page","link":"https:\/\/rs-ascenseurs.fr\/index.php\/charte-qualite\/","title":{"rendered":"Charte qualit\u00e9, gage de confiance"},"content":{"rendered":"<h4>La s\u00e9curit\u00e9 au c\u0153ur de nos pr\u00e9occupations<\/h4>\n<p>RS ASCENSEURS s\u2019engage \u00e0\u00a0:<\/p>\n<ul>\n<li>Veiller au strict respect de la r\u00e9glementation applicable<\/li>\n<li>Garantir le d\u00e9ploiement des principes de pr\u00e9caution afin d\u2019assurer la s\u00e9curit\u00e9 des usagers et des professionnels intervenants.<\/li>\n<li>Garantir l\u2019intervention de professionnels \u00e9quip\u00e9s qualifi\u00e9s et form\u00e9s.<\/li>\n<\/ul>\n<h4>Le conseil notre 1<sup>er<\/sup> devoir<\/h4>\n<p>RS ASCENSEURS s\u2019engage \u00e0\u00a0:<\/p>\n<ul>\n<li>Proposer des solutions et une argumentation d\u00e9taill\u00e9e en r\u00e9ponse aux probl\u00e8mes rencontr\u00e9s et risques potentiels encourus.<\/li>\n<li>Veiller \u00e0 votre information concernant la r\u00e9glementation en vigueur et de ses \u00e9volutions.<\/li>\n<\/ul>\n<h4>Interventions professionnelles &amp; de qualit\u00e9<\/h4>\n<p>RS ASCENSEURS s\u2019engage \u00e0\u00a0:<\/p>\n<ul>\n<li>Garantir des prestations s\u00fbres et de qualit\u00e9.<\/li>\n<li>Op\u00e9rer ses interventions dans les plus brefs d\u00e9lais par un service d\u2019assistance 7j\/7.<\/li>\n<li>Veiller \u00e0 l\u2019optimisation de la dur\u00e9e de vie des pi\u00e8ces de rechange d\u2019origine ou de substitution.<\/li>\n<li>Faciliter l\u2019acc\u00e8s aux informations de suivi des interventions.<\/li>\n<\/ul>\n<h4>Environnement &amp; d\u00e9veloppement durable<\/h4>\n<p>RS ASCENSEURS s\u2019engage \u00e0\u00a0:<\/p>\n<ul>\n<li>Garantir le traitement et\/ou l\u2019\u00e9vacuation des d\u00e9chets sp\u00e9cifiques g\u00e9n\u00e9r\u00e9s par l\u2019activit\u00e9 de maintenance ou de travaux.<\/li>\n<li>Proposer des solutions privil\u00e9giant les \u00e9conomies d\u2019\u00e9nergies.<\/li>\n<\/ul>\n","protected":false},"excerpt":{"rendered":"<p>La s\u00e9curit\u00e9 au c\u0153ur de nos pr\u00e9occupations RS ASCENSEURS s\u2019engage \u00e0\u00a0: Veiller au strict respect de la r\u00e9glementation applicable Garantir le d\u00e9ploiement [&hellip;]<\/p>\n","protected":false},"author":1,"featured_media":0,"parent":0,"menu_order":3,"comment_status":"closed","ping_status":"closed","template":"","meta":{"footnotes":""},"class_list":["post-58","page","type-page","status-publish","hentry"],"_links":{"self":[{"href":"https:\/\/rs-ascenseurs.fr\/index.php\/wp-json\/wp\/v2\/pages\/58","targetHints":{"allow":["GET"]}}],"collection":[{"href":"https:\/\/rs-ascenseurs.fr\/index.php\/wp-json\/wp\/v2\/pages"}],"about":[{"href":"https:\/\/rs-ascenseurs.fr\/index.php\/wp-json\/wp\/v2\/types\/page"}],"author":[{"embeddable":true,"href":"https:\/\/rs-ascenseurs.fr\/index.php\/wp-json\/wp\/v2\/users\/1"}],"replies":[{"embeddable":true,"href":"https:\/\/rs-ascenseurs.fr\/index.php\/wp-json\/wp\/v2\/comments?post=58"}],"version-history":[{"count":6,"href":"https:\/\/rs-ascenseurs.fr\/index.php\/wp-json\/wp\/v2\/pages\/58\/revisions"}],"predecessor-version":[{"id":131,"href":"https:\/\/rs-ascenseurs.fr\/index.php\/wp-json\/wp\/v2\/pages\/58\/revisions\/131"}],"wp:attachment":[{"href":"https:\/\/rs-ascenseurs.fr\/index.php\/wp-json\/wp\/v2\/media?parent=58"}],"curies":[{"name":"wp","href":"https:\/\/api.w.org\/{rel}","templated":true}]}}